 divisor of 382811 and 26?
13
Calculate the highest common divisor of 444 and 2004.
12
What is the greatest common factor of 1605 and 80357?
107
Calculate the highest common divisor of 65279 and 377.
29
What is the highest common factor of 2652468 and 1638?
546
Calculate the greatest common factor of 156 and 1944.
12
Calculate the greatest common factor of 76437 and 4104.
513
What is the greatest common factor of 4333 and 133?
7
What is the greatest common factor of 29692 and 208?
52
What is the highest common divisor of 1305 and 16820?
145
What is the highest common factor of 104024 and 24?
8
Calculate the highest common factor of 23137 and 51.
17
What is the greatest common divisor of 20041 and 490?
49
What is the highest common divisor of 47290 and 160?
10
What is the highest common factor of 330 and 6182?
22
Calculate the greatest common factor of 4279 and 10503.
389
What is the highest common divisor of 290 and 10985?
5
What is the highest common divisor of 6048 and 2576?
112
Calculate the greatest common factor of 6498098 and 46.
46
What is the highest common divisor of 65412 and 276?
276
What is the greatest common divisor of 4029 and 2193?
51
What is the greatest common factor of 157 and 228906?
157
Calculate the highest common factor of 285254 and 4246.
386
What is the highest common divisor of 1125621 and 1071?
1071
Calculate the highest common divisor of 2432 and 7024.
16
What is the greatest common divisor of 360 and 8770?
10
What is the highest common divisor of 1841246 and 659?
659
What is the greatest common factor of 50380 and 42365?
1145
What is the highest common factor of 6774 and 12?
6
What is the highest common divisor of 779 and 2629904?
779
Calculate the highest common factor of 790921 and 6677.
607
Calculate the greatest common divisor of 1078 and 7742.
98
Calculate the highest common factor of 7303 and 20819.
109
What is the highest common divisor of 16233 and 126?
21
What is the highest common divisor of 17 and 531913?
17
Calculate the highest common divisor of 117693 and 15983.
1453
Calculate the highest common divisor of 127 and 931037.
127
What is the highest common divisor of 1480 and 1186035?
185
What is the greatest common factor of 686 and 4942?
14
What is the greatest common divisor of 1070905 and 715?
55
Calculate the highest common factor of 16 and 68648.
8
Calculate the greatest common factor of 90 and 31158.
18
What is the highest common factor of 25074 and 294?
42
Calculate the greatest common divisor of 3464 and 3064.
8
Calculate the highest common divisor of 105 and 2247.
21
What is the highest common divisor of 22796 and 37105?
41
Calculate the greatest common factor of 4175 and 1525.
25
What is the highest common divisor of 5697 and 137572?
211
Calculate the highest common factor of 1570 and 30.
10
Calculate the highest common divisor of 288717 and 286.
143
What is the highest common factor of 261 and 11061?
9
What is the highest common divisor of 395766 and 126?
126
Calculate the greatest common factor of 186 and 442773.
93
What is the highest common factor of 80799 and 759?
69
What is the highest common factor of 684 and 2451?
57
Calculate the highest common factor of 35 and 67655.
35
What is the greatest common divisor of 30 and 129870?
30
Calculate the highest common factor of 8 and 3685868.
4
Calculate the greatest common divisor of 3409 and 21.
7
Calculate the highest common factor of 848 and 105788.
212
What is the highest common divisor of 33160 and 2440?
40
What is the highest common divisor of 170 and 3670?
10
What is the highest common divisor of 847 and 442981?
847
Calculate the highest common divisor of 4104 and 1152.
72
What is the highest common divisor of 36 and 60786?
18
What is the highest common factor of 796 and 95719?
199
Calculate the highest common factor of 28 and 264978.
14
Calculate the highest common factor of 242 and 1125058.
242
What is the highest common factor of 11716 and 36?
4
What is the highest common factor of 39756 and 24?
12
What is the greatest common factor of 396 and 74?
2
Calculate the greatest common factor of 40 and 339224.
8
What is the greatest common divisor of 10 and 6015?
5
What is the highest common divisor of 278304 and 5694?
78
Calculate the greatest common divisor of 690252 and 388.
388
Calculate the greatest common divisor of 288 and 578.
2
Calculate the greatest common divisor of 109 and 964868.
109
Calculate the greatest common factor of 136512 and 448.
64
What is the greatest common divisor of 11425 and 200?
25
What is the highest common factor of 322 and 1802924?
46
What is the highest common factor of 1270 and 3950335?
635
Calculate the highest common factor of 4520 and 8992540.
2260
Calculate the highest common factor of 155457 and 1449.
207
Calculate the highest common factor of 4459 and 28126.
343
Calculate the greatest common factor of 190359 and 234.
117
Calculate the highest common divisor of 61246 and 15718.
542
Calculate the highest common factor of 15 and 26255.
5
Calculate the highest common factor of 28 and 169588.
4
Calculate the greatest common divisor of 2682 and 1872.
18
What is the highest common divisor of 1304415 and 1212?
303
Calculate the greatest common factor of 130 and 1468870.
130
What is the greatest common factor of 96502 and 13334?
226
Calculate the greatest common divisor of 207 and 28221.
69
Calculate the highest common divisor of 1271 and 39852.
41
Calculate the highest common factor of 9 and 29.
1
What is the highest common divisor of 17746 and 19?
19
Calculate the greatest common factor of 49920 and 672.
96
What is the highest common factor of 815695 and 943?
943
Calculate the greatest common factor of 13215956 and 962.
962
Calculate the highest common factor of 3 and 162501.
3
What is the greatest common divisor of 2208 and 667?
23
Calculate the highest common divisor of 90 and 3226.
2
Calculate the greatest common divisor of 116659 and 129.
43
Calculate the highest common divisor of 308 and 5166238.
154
What is the highest common factor of 966 and 76272?
42
Calculate the greatest common factor of 70 and 10206.
14
Calculate the greatest common factor of 126 and 62811.
63
What is the greatest common divisor of 30177 and 49140?
63
Calculate the highest common divisor of 2754 and 544.
34
What is the highest common divisor of 74166 and 1410?
282
What is the greatest common divisor of 3072 and 1416?
24
Calculate the greatest common divisor of 19686 and 102.
102
What is the highest common divisor of 168 and 11788?
28
Calculate the greatest common factor of 16596 and 324.
36
Calculate the greatest common divisor of 29 and 25027.
29
Calculate the highest common divisor of 833 and 30583.
119
Calculate the highest common divisor of 20 and 24865.
5
What is the highest common divisor of 72035 and 25?
5
Calculate the highest common divisor of 785 and 85.
5
What is the highest common divisor of 1748 and 3515?
19
Calculate the highest common divisor of 1540 and 31768.
44
Calculate the highest common factor of 725 and 111600.
25
What is the greatest common factor of 6128 and 2778282?
766
Calculate the highest common divisor of 8247 and 9.
3
Calculate the greatest common divisor of 81 and 454140.
27
What is the highest common divisor of 2703 and 261873?
159
What is the highest common divisor of 20696 and 1820?
52
What is the highest common divisor of 1494 and 1116?
18
What is the greatest common factor of 6832 and 176656?
976
Calculate the highest common factor of 1377 and 576.
9
Calculate the greatest common factor of 28 and 1240.
4
Calculate the highest common factor of 1794 and 10833.
69
What is the highest common divisor of 103174 and 67259?
653
What is the greatest common factor of 23101 and 17797?
13
Calculate the highest common divisor of 456 and 61816.
8
Calculate the greatest common divisor of 3211 and 437.
19
What is the greatest common factor of 7222 and 506?
46
What is the highest common divisor of 594 and 76482?
18
What is the highest common factor of 1430 and 141895?
65
What is the highest common divisor of 160 and 41320?
40
What is the greatest common factor of 3 and 43263?
3
Calculate the highest common factor of 2461072 and 128.
16
Calculate the highest common factor of 7693 and 147.
49
Calculate the highe